se 15) in base 11?
2aa
What is 792 (base 12) in base 4?
101132
Convert -175721 (base 8) to base 2.
-1111101111010001
1997 (base 11) to base 15
b36
-9728 (base 13) to base 10
-20990
-7190 (base 10) to base 7
-26651
-2522 (base 6) to base 5
-10001
What is 17377 (base 9) in base 8?
27311
What is -8d9 (base 15) in base 6?
-13140
Convert -41958 (base 10) to base 16.
-a3e6
What is -963 (base 16) in base 14?
-c39
132 (base 10) to base 14
96
-72 (base 16) to base 9
-136
Convert 7860 (base 9) to base 2.
1011010101101
-520 (base 15) to base 16
-483
12411 (base 10) to base 12
7223
What is 7c5 (base 16) in base 15?
8c9
1d8e (base 15) to base 13
2c0c
111011011010000 (base 2) to base 10
30416
186 (base 12) to base 8
366
What is -103200 (base 4) in base 2?
-10011100000
Convert 11100010101110 (base 2) to base 7.
60206
110010011111 (base 2) to base 9
4380
Convert 6520 (base 14) to base 6.
212520
Convert 213a (base 11) to base 7.
11145
Convert -27466 (base 8) to base 9.
-17518
-821 (base 14) to base 8
-3075
What is -280 (base 9) in base 12?
-176
21233 (base 5) to base 9
1873
What is -10431 (base 5) in base 3?
-1000110
Convert -8516 (base 10) to base 16.
-2144
-4156 (base 11) to base 7
-22024
Convert 1031133 (base 4) to base 3.
20210200
What is -700 (base 8) in base 6?
-2024
35513 (base 6) to base 2
1010000100101
-205072 (base 8) to base 7
-402462
What is -479 (base 11) in base 6?
-2350
-144123 (base 6) to base 16
-3633
-4ec (base 16) to base 6
-5500
1341 (base 7) to base 9
636
Convert -6568 (base 14) to base 4.
-10102000
What is -43111 (base 6) in base 7?
-23062
-14651 (base 7) to base 14
-16d1
What is -11014 (base 5) in base 8?
-1367
-431 (base 5) to base 14
-84
What is -3094 (base 16) in base 11?
-9386
Convert 33848 (base 12) to base 11.
475a4
-20200 (base 5) to base 15
-5ba
Convert 1706 (base 14) to base 4.
1000122
What is -10341 (base 6) in base 12?
-9b1
Convert -13a5 (base 11) to base 8.
-3421
Convert -4261 (base 7) to base 6.
-11001
What is -3177 (base 9) in base 12?
-142a
-46 (base 11) to base 9
-55
Convert -1000010001111 (base 2) to base 11.
-3204
-32b (base 12) to base 8
-723
8762 (base 12) to base 8
35072
c18 (base 16) to base 9
4220
-604b (base 14) to base 4
-10002103
13021 (base 6) to base 2
11110100101
Convert -219 (base 14) to base 5.
-3130
Convert 10544 (base 8) to base 14.
18a0
Convert -32c (base 13) to base 3.
-202012
Convert -224a (base 11) to base 14.
-1114
Convert 88a (base 14) to base 15.
77a
What is 213 (base 11) in base 14?
144
-106125 (base 8) to base 11
-24a9a
What is -10213 (base 11) in base 9?
-22382
Convert 6885 (base 10) to base 6.
51513
What is -1000001010100010 (base 2) in base 4?
-20022202
122 (base 5) to base 14
29
Convert 1000100010001 (base 2) to base 5.
114434
What is 26b (base 13) in base 7?
1150
What is -388 (base 9) in base 2?
-101000011
Convert -aa76 (base 11) to base 14.
-5471
Convert 200020 (base 3) to base 2.
111101100
What is -1161 (base 7) in base 16?
-1b3
-18666 (base 11) to base 9
-38705
-1114 (base 15) to base 4
-320203
17038 (base 11) to base 12
11a7b
35d1 (base 14) to base 8
22263
Convert 3013223 (base 5) to base 15.
e30d
Convert -277 (base 16) to base 11.
-524
15535 (base 11) to base 16
55b3
-1131232 (base 4) to base 9
-8204
What is 44326 (base 10) in base 3?
2020210201
22a (base 13) to base 11
310
What is -20122022 (base 3) in base 16?
-12e9
-4321 (base 5) to base 7
-1465
Convert -2708 (base 10) to base 4.
-222110
Convert 11c (base 16) to base 3.
101112
Convert 1313 (base 6) to base 5.
2313
1110101000010110 (base 2) to base 8
165026
What is -6221 (base 8) in base 14?
-125b
Convert -6ba0 (base 12) to base 3.
-121120010
2132 (base 6) to base 3
200002
What is -161 (base 13) in base 3?
-100012
Convert 1558 (base 9) to base 14.
60b
What is 1220333 (base 4) in base 5?
203334
48 (base 14) to base 3
2101
Convert -360 (base 8) to base 13.
-156
What is 6377 (base 8) in base 16?
cff
Convert 10212002 (base 3) to base 4.
223322
Convert -22331 (base 4) to base 12.
-4a5
Convert -101110001 (base 2) to base 10.
-369
3061 (base 7) to base 14
568
-8b2 (base 13) to base 10
-1497
9c7b (base 14) to base 10
27157
What is -25902 (base 11) in base 9?
-55712
What is -739 (base 13) in base 2?
-10011001111
Convert 113c (base 16) to base 12.
2678
What is a52 (base 13) in base 8?
3335
What is -1d3 (base 15) in base 5?
-3143
What is -3695 (base 14) in base 7?
-36545
-3863 (base 15) to base 11
-9036
12231000 (base 4) to base 5
1334311
Convert -152 (base 13) to base 8.
-354
-622 (base 7) to base 11
-262
-16409 (base 11) to base 7
-124256
3705 (base 8) to base 12
1199
What is 1c3 (base 16) in base 6?
2031
4128 (base 15) to base 7
55061
What is -14322 (base 5) in base 16?
-4bc
What is b82 (base 13) in base 12?
1179
Convert -24 (base 6) to base 14.
-12
575 (base 10) to base 9
708
-15541 (base 14) to base 16
-cfb5
What is -158 (base 9) in base 11?
-112
Convert 192 (base 10) to base 11.
165
What is -a4a (base 12) in base 11?
-1142
What is 1001110 (base 2) in base 5?
303
2da (base 16) to base 7
2062
What is -112122012 (base 3) in base 10?
-10670
What is 714 (base 12) in base 14?
532
23111 (base 4) to base 9
885
Convert 2f37 (base 16) to base 2.
10111100110111
Convert -256 (base 11) to base 4.
-10233
Convert 111011111001 (base 2) to base 12.
2275
565 (base 8) to base 4
11311
-604 (base 10) to base 3
-211101
1100110001010100 (base 2) to base 16
cc54
What is 114263 (base 7) in base 12?
bbab
408a (base 16) to base 15
4d67
Convert -33 (base 5) to base 14.
-14
Convert 231 (base 10) to base 12.
173
-3a1 (base 13) to base 3
-212122
Convert 125271 (base 8) to base 15.
ce3a
aa9 (base 13) to base 16
725
5243 (base 7) to base 13
abb
Convert 103405 (base 6) to base 10.
8573
-b3d8 (base 16) to base 14
-12ac8
Convert 10100101010010 (base 2) to base 5.
314303
Convert -582 (base 16) to base 7.
-4053
1101222 (base 4) to base 8
12152
Convert 1a1 (base 13) to base 12.
210
Convert -200122 (base 3) to base 15.
-238
What is -21d1 (base 14) in base 2?
-1011011101011
Convert -106 (base 15) to base 13.
-14a
What is -347 (base 8) in base 10?
-231
-1621 (base 7) to base 5
-10102
What is -192 (base 12) in base 16?
-fe
Convert -10100001101110 (base 2) to base 9.
-15170
Convert -1447 (base 9) to base 2.
-10001001000
What is 12155 (base 6) in base 7?
5150
-2142 (base 7) to base 14
-3c9
What is 1124033 (base 5) in base 16?
5026
290a (base 11) to base 5
110021
What is -2111111221 (base 3) in base 15?
-e8b4
Convert -4412 (base 5) to base 15.
-2a7
Convert -431 (base 13) to base 4.
-23030
a53 (base 15) to base 16
918
Convert 53236 (base 7) to base 8.
31547
What is -143343 (base 5) in base 8?
-13722
7583 (base 10) to base 15
23a8
88 (base 15) to base 13
9b
-16697 (base 12) to base 3
-1122000021
What is -56342 (base 8) in base 6?
-302030
Convert -17005 (base 9) to base 2.
-10110110010101
What is -558 (base 10) in base 5?
-4213
What is -84304 (base 9) in base 2?
-1101100101100011
What is 243 (base 10) in base 12?
183
12423 (base 5) to base 13
5b0
558 (base 10) to base 11
468
-669 (base 14) to base 4
-103311
Convert 1327 (base 16) to base 13.
2302
-413655 (base 7) to base 3
-10121101100
16646 (base 7) to base 14
1a5d
Convert 16158 (base 15) to base 3.
10121122102
Convert -3043 (base 5) to base 7.
-1106
What is -10d7b (base 14) in base 11?
-2894a
Convert 549 (base 14) to base 8.
2025
-2644 (base 10) to base 16
-a54
2399 (base 12) to base 11
3011
50652 (base 7) to base 16
3030
What is -4e18 (base 16) in base 12?
-b6a0
Convert 8e0 (base 15) to base 4.
133122
Convert -6183 (base 16) to base 2.
-110000110000011
What is -1003 (base 8) in base 4?
-20003
What is -100 (base 7) in base 9?
-54
113d (base 15) to base 3
12000111
What is 16308 (base 9) in base 13?
5126
Convert 12656 (base 8) to base 13.
26ac
What is -fa (base 16) in base 7?
-505
What is 16513 (base 9) in base 7?
45045
Convert -3241 (base 7) to base 14.
-5c8
Convert -22a4a (base 11) to base 10.
-33208
What is -4519 (base 11) in base 4?
-1130331
-53008 (base 9) to base 7
-204020
What is 50110 (base 9) in base 3?
1200010100
-400 (base 6) to base 2
-10010000
What is 3205 (base 11) in base 14?
178c
What is -745 (base 10) in base 2?
-1011101001
What is -23275 (base 8) in base 11?
-74a6
-2320 (base 9) to base 7
-5004
What is 11ca1 (base 